-27 - 0 - ((-1 + 3 - (-4 + 1)) + 0).
-32
Evaluate 39 - 6 - (-919 - -975).
-23
Calculate -14 + 21 + 5 + -3 + 38.
47
What is (3 - -1) + 5 + (-16 - ((11 - 38) + 4))?
16
What is -39 + (-80 - -5) - -60?
-54
Calculate 20 + -35 + -25 - (-102 - -124).
-62
Calculate -46 + 82 - (-15 - 47).
98
What is the value of 11 + 41 + -67 + (-3 - (-80 - 2))?
64
What is 64 + 52 + -26 + -60?
30
What is the value of 1 + 8 + -734 + 757?
32
Calculate -6 - (70 - 1 - (422 + -400)).
-53
-102 - 2 - 1 - (-275 + 240 + 44)
-114
What is -31 - (11 + -4 - (7 + -31 - -24))?
-38
59 - (-40 - (32 + -147))
-16
What is the value of -39 + 164 + (2 - (32 + -6)) + 16?
117
What is 109 - 138 - (-8 - -5 - (-4 + -1)) - -4?
-27
What is -39 - (-10 - 4) - (11 + 6)?
-42
What is the value of 21 + -39 + 21 + 20 - -11?
34
What is -749 - (807 + -1544) - (123 + -1 + 0)?
-134
What is the value of -4 + (59 - (8 + (-29 - -6)) - 13)?
57
16 + -17 + (-4 - -47) + -6 + 5
41
Calculate 0 + 9 + 3844 + -3861.
-8
What is 2 - -4 - (0 - 1) - (1386 - 1395)?
16
What is the value of -12 + (23 - 7) - (-5 - -1 - (1 - 11))?
-2
What is (-112 - (1 - 61)) + (-1 - -16)?
-37
Calculate (-23 + 38 + -20 - -31) + -32.
-6
(3 - 30) + 8 + 86 + -1
66
Calculate -751 - -811 - (4 - (0 + -10)).
46
What is -171 - (-10 + -56) - -72?
-33
9 - (6 - (9 + 11) - -10)
13
What is the value of -12 - (-56 + -21 + 40 + -9)?
34
154 + -94 + -7 + -121
-68
What is (0 - (-50 - -127)) + 2 + (7 - (-2 - -3))?
-69
53 - (-5 - (-57 - -40))
41
What is the value of 139 + (-15 - (-17 - -39)) - 17?
85
Calculate 63 + (-317 + 309 - (-5 + (1 - 0))).
59
Evaluate 3 - -71 - (-1183 - -1207).
50
What is -63 + 107 + -120 - 43?
-119
What is the value of -23 + 82 + -51 + 46 + (-8 - -4)?
50
-200 + 119 + 15 + 45
-21
(15 - 1 - 69) + 18 - -17
-20
What is the value of (102 - 20 - 40) + -38 - -50?
54
Evaluate 70 + 23 + -2 + -736 + 754.
109
(54 - (-1 - -100)) + (1 - -1) + 6
-37
Calculate -3 - (-4 + 6) - (-3 + (-1 - -28)) - -6.
-23
Evaluate (-37 - -38) + (3 + -6 + -11 - (-9 - -2)).
-6
What is 171 + (102 - -29 - 206)?
96
What is the value of 183 + -293 - (-23 - -4)?
-91
What is 27 - ((2 + -19 - 3) + (52 - 46))?
41
Evaluate 6 + (-2 - 9) + 68 + -61 - -6.
8
Calculate -201 + -13 - -88 - -210.
84
13 + 3 + 10 + -17 + (6 - -8) + 1
24
What is (46 - -3) + 9 - (-8 + (16 - 10))?
60
Evaluate 17 + -12 + -14 + (-15 - -4).
-20
Calculate (13 - (-1 - -8)) + (-25 - -8) + -29.
-40
(22 - -50) + (2 - 3 - -9) + (8 - 14)
74
What is (-21 - (0 - (-2 + -9 + 9))) + 4?
-19
Evaluate 2 - (-3 + 1 - (-4 + 0 + -34 + 22)).
-12
Evaluate 10 - 1 - 1 - (-25 + 29 + (47 - 66)).
23
Calculate 27 - 1 - (97 + -96 + 9).
16
9 + (1 + -16 - -6 - -10) + 4
14
What is the value of (96 - 43) + -19 + -6?
28
What is (-40 + 1 + (246 - 207) - (0 - 7)) + -1?
6
What is -3 + -1 - (3526 - 3547)?
17
What is the value of (-1 + -7 + (1108 - 1132) - -34) + 1 + -104?
-101
Evaluate (-65 + 59 - (-2 - 22)) + -56.
-38
Calculate (4 - 5 - -2 - -11) + -96 + 87 + 82.
85
What is -2 + -10 + 15 + (24 - 34)?
-7
Calculate (-32 - (-45 + 3)) + -50.
-40
What is the value of 4 + 19 + -34 - (-2 + 1)?
-10
Evaluate 26 + (10 - 66) - (-3 + 23).
-50
Calculate -1997 - -1861 - (-280 - -1).
143
(-9 - -1) + (6584 - 6541)
35
What is 18 + 4 + 13 + 2 + -34?
3
Calculate (-1 - -62) + (147 - 200) + 41 + -1.
48
What is the value of (74 - (62 + 139)) + 1 + 21 - (2 - 8)?
-99
(0 - 10) + 51 + -17 + -24 - 35 - 11
-46
Evaluate -2 - (36 - 1 - 34) - -149.
146
Calculate -146 + (29 - 108) + 161.
-64
Evaluate (6 - 20) + 1 + 0 - (86 + -170 + 120).
-49
What is the value of -13 - (-21 - (63 + -18 + -15))?
38
Evaluate (140 - 109) + -201 + 115.
-55
What is (15 - 28) + (-5 - (1 - 21)) - 59?
-57
Evaluate -6 - 54 - (676 - 776).
40
Evaluate (-1 - -8) + 83 + -59 + -68.
-37
What is 16 - (15 + (-18 - -12) + -7 - -5)?
9
Evaluate 7 - 13 - (-12 + -35) - (-10 + 2 - 4).
53
-94 - ((-18 - -111) + -173)
-14
1 + -3 - (-19 - (-7 - 2) - -18)
-10
What is -219 + 215 - (1 + -61 + 1)?
55
1 - 8 - ((-76 + 0 - -1) + 14)
54
Evaluate 4 - (-6 - (3 - 11 - 4 - -4)).
2
What is the value of 48 - (25 - -20) - -8?
11
-17 + (-1 - 2 - (1 + 9) - (1034 - 1037))
-27
What is (-9 - -13 - 9) + (4 - (-8 + -1))?
8
(-11 - 4 - -5) + (-728 + 737 - (1 + -47))
45
-2 - (23 - (30 - -69)) - (12 - 1)
63
What is the value of -6 + -53 + (-14 - (-14 - -20) - -4)?
-75
What is (-31 - -55) + -85 + 34?
-27
What is 1 + -8 - (42 + (-5 - (8 + 5)))?
-31
What is the value of 109 + (-10 + 38 - 142)?
-5
What is the value of (9 + -69 + 12 - (0 + -13)) + -12?
-47
What is the value of -1 - (-28 - (49 + -86))?
-10
Calculate 21 + (-8 + -19 - -14) + (1 - 0) + -45.
-36
-55 + (63 - -29) - 30
7
What is the value of 98 + -185 + 52 + (10 - (1 - 1))?
-25
16 + -2 - ((-30 - -23) + 48 + -4)
-23
What is the value of (0 - -17) + -4 - (-19 - 15)?
47
Calculate (-88 + 163 - -75) + -102.
48
Calculate 1 + -29 + (12 + -10 + 1 - (-7 + 11)).
-29
-90 - ((23 - -18) + -129)
-2
Evaluate -23 - (-13 + (10 - 5) - 3).
-12
What is the value of 20 + (1 + 1 + -13 - 4)?
5
Calculate 2 + -114 + 520 + -464.
-56
Calculate (-43 - 117 - -141) + -2 + -2 + -47.
-70
What is the value of (18 - (3 + -6 + 11)) + 18?
28
Calculate (-25 - -14 - -20 - 13 - 23) + 4.
-23
Evaluate (56 - (-1 + 16 + -18)) + 23 + -30.
52
Evaluate -26 + (-18 - (-11 - 17)).
-16
What is the value of -14 - -2 - ((-45 - 1) + -8 - 9) - 0?
51
Calculate (1 + (-109 - -5) - (22 + -15 - 3)) + 0.
-107
Evaluate 72 - (-35 + 89 - 11).
29
What is the value of -5 + 1 + 43 + (17 - (-19 - -46)) - 12?
17
What is -18 + 2 + -2 + (117 - 100 - 2)?
-3
Calculate -26 + 63 + -20 + -103.
-86
Evaluate 0 - (7 + (17 - 11) + 0).
-13
20 + 14 + -27 + -11 + 21
17
Evaluate (1 - (-8 + 4)) + 306 + -302.
9
What is 16 - 62 - -42 - (1 + -45 - 3)?
43
What is (9 - 19) + -19 + -3 + 5 + -2?
-29
Calculate (78 - 67 - -37) + (1 - 6).
43
Calculate (2 - (-12 - -2)) + -94 + (48 - -13).
-21
What is (-2 - (-2 + -6)) + (-14 - (-14 - 24)) + -20?
10
Calculate 15 + -53 - (-20 + 10 - 17).
-11
What is (11 - 26 - 6) + 14 - -18?
11
Evaluate -2 + 30 + -12 + -20 - (-15 - -10).
1
Calculate -135 + 102 + 24 - (0 + 4 + 85 + 3).
-101
Evaluate 17 - (117 + -100 - 56).
56
What is -2334 + 2334 + (51 - 1)?
50
Evaluate (2 - -7 - (84 + 0 + -11)) + (2 - 0).
-62
-147 - (-64 + -86 + -103)
106
What is 22 + (-7 - (15 + -4) - 63)?
-59
Evaluate (-980 - -966) + (1 - 36) + -79.
-128
(10 - (0 - -11) - -11) + -34
-24
What is the value of -20 - (-20 - (-5 + -23) - (-68 - 1))?
-97
Evaluate (-33 - (57 + -117)) + -19.
8
What is 3 + -32 + (683 - 678) + (1 - -146)?
123
What is 14 + -17 + 12 + (-23 - (7 + 0 + -12))?
-9
Calculate -1 + ((45 - -7) + -15 - 14).
22
12 + 159 + -67 + -39
65
Calculate (0 - -22) + (-41 + -12 - -14).
-17
What is 4 - 1 - (13 - ((-4 - -20 - -8) + -18))?
-4
(0 + 0 - 2) + 1 + (-123 - -397 - 184)
89
-44 + (4 - 11) + 9 - -5
-37
Calculate (-122 - (-90 + -23)) + 1 + 20.
12
Evaluate -153 - -144 - (-65 - -5).
51
What is the value of -20 - (7 - 20 - -11 - (8 - -7))?
-3
Calculate 90 - ((64 - 146) + 146).
26
What is -83 - -13 - (14 + 12 + -16)?
-80
What is the value of (-8 + -12 - (12 + -7 + -56)) + -7 + -1?
23
-10 + (11 - (9 - (-5 + -8 + 0)))
-21
(4 + 1 + 16 - 3 - 6) + 19
31
Evaluate 146 - 171 - (6 - 19).
-12
Calculate -66 + (1341 + -1344 - (-15 - 1 - 0)).
-53
Calculate (-117 - (-44 + -5)) + (13 - 5) + -2.
-62
Evaluate 22 + -6 + -36 + 18 - (-33 - -2).
29
What is (0 - (-35 - -8)) + -30 - -20?
17
Evaluate 6 + 0 + -10 + (15 + -15 - 37).
-41
What is -91 + (62 - 107) + 89?
-47
(-2 - 0) + 3 + (-3 - -3) + (86 - 118)
-31
70 - 77 - (12 - 105)
86
Evaluate 2 + -9 + (29 - 36) + (18 - 52).
-48
What is the value of 120 + -88 + -9 - (13 + 0) - 23?
-13
Evaluate -239 + 130 - (-11 + 12 - 30).
-80
What is -3 + 24 + -20 + -11 + 17?
7
Calculate -5 - ((2 + 1 - 61) + -2 + 14 - -8).
33
What is -98 - -1 - (-6416 - -6290)?
29
11 + -12 + -14 + 10 - -47
42
What is the value of (3 + (-1 - -1) - 5 - 1) + (525 - 469)?
53
What is -9 + (-17 - (7 + 13 - 43))?
-3
What is the value of -3 + 1 + (-1219 - -1264)?
43
What is the value of -7 + (2 - (-26 + 22)) - (-1 - (42 + -1))?
41
What is -27 + 174 + -65 + 32 - (11 + -1)?
104
What is (49 + -24 - 23) + -6 + -82 + 5?
-81
What is the value of 34 + (9 - ((-2 - -5) + -6))?
46
What is (-97 + -26 - (-4 - 0)) + 29?
-90
What is the value of 10 + -24 + -13 + (3 + 11 + 41 - 8)?
20
What is the value of 1 + 11 + -1